{"id":1233,"date":"2025-10-04T16:35:46","date_gmt":"2025-10-04T14:35:46","guid":{"rendered":"https:\/\/apeevires.fr\/?page_id=1233"},"modified":"2025-10-04T16:35:48","modified_gmt":"2025-10-04T14:35:48","slug":"presentation-2","status":"publish","type":"page","link":"https:\/\/apeevires.fr\/?page_id=1233","title":{"rendered":"PRESENTATION"},"content":{"rendered":"\n<p>L\u2019APE d\u2019Evires est une association \u00e0 but non lucratif, r\u00e9unissant des parents d\u2019\u00e9l\u00e8ves volontaires.&nbsp;<\/p>\n\n\n\n<p>Son objectif est d&rsquo;apporter une aide financi\u00e8re aux projets p\u00e9dagogiques de l&rsquo;\u00e9quipe enseignante et de contribuer \u00e0 la vie et \u00e0 la convivialit\u00e9 de l\u2019\u00e9cole.<\/p>\n\n\n\n<p>Les fonds r\u00e9colt\u00e9s par l\u2019APE sont directement profitables aux enfants, car ils subventionnent une partie des projets propos\u00e9s par les enseignants (sorties p\u00e9dagogiques, achat de mat\u00e9riel pour l\u2019\u00e9cole\u2026 ).<\/p>\n","protected":false},"excerpt":{"rendered":"<p>L\u2019APE d\u2019Evires est une association \u00e0 but non lucratif, r\u00e9unissant des parents d\u2019\u00e9l\u00e8ves volontaires.&nbsp; Son objectif est d&rsquo;apporter une aide financi\u00e8re aux projets p\u00e9dagogiques de &hellip; <\/p>\n","protected":false},"author":2,"featured_media":0,"parent":0,"menu_order":0,"comment_status":"closed","ping_status":"closed","template":"","meta":{"footnotes":""},"class_list":["post-1233","page","type-page","status-publish","hentry","latest_post"],"aioseo_notices":[],"_links":{"self":[{"href":"https:\/\/apeevires.fr\/index.php?rest_route=\/wp\/v2\/pages\/1233","targetHints":{"allow":["GET"]}}],"collection":[{"href":"https:\/\/apeevires.fr\/index.php?rest_route=\/wp\/v2\/pages"}],"about":[{"href":"https:\/\/apeevires.fr\/index.php?rest_route=\/wp\/v2\/types\/page"}],"author":[{"embeddable":true,"href":"https:\/\/apeevires.fr\/index.php?rest_route=\/wp\/v2\/users\/2"}],"replies":[{"embeddable":true,"href":"https:\/\/apeevires.fr\/index.php?rest_route=%2Fwp%2Fv2%2Fcomments&post=1233"}],"version-history":[{"count":1,"href":"https:\/\/apeevires.fr\/index.php?rest_route=\/wp\/v2\/pages\/1233\/revisions"}],"predecessor-version":[{"id":1234,"href":"https:\/\/apeevires.fr\/index.php?rest_route=\/wp\/v2\/pages\/1233\/revisions\/1234"}],"wp:attachment":[{"href":"https:\/\/apeevires.fr\/index.php?rest_route=%2Fwp%2Fv2%2Fmedia&parent=1233"}],"curies":[{"name":"wp","href":"https:\/\/api.w.org\/{rel}","templated":true}]}}